Give s(-78).
-73
Let q(n) = 10*n**3 - n**2 + 244*n + 740. Give q(-3).
-271
Let t(f) = 176*f - 10082. What is t(56)?
-226
Let j(f) = 20599*f + 556178. Calculate j(-27).
5
Let w(u) = -937*u + 5563. Determine w(6).
-59
Let k(t) = -5*t**2 + 2102*t + 1261. What is k(421)?
-2
Let k(m) = -m**3 - 114*m**2 - 974*m - 220349. Give k(-121).
-8
Let l(w) = w**3 + 37*w**2 - 39*w - 1450. Give l(-37).
-7
Let f(n) = 831*n - 3998. Determine f(5).
157
Let g(k) = k**2 - 989*k + 8820. Calculate g(9).
0
Let b(s) = -21*s**2 - 1149*s + 2324. What is b(2)?
-58
Let u(o) = -o**3 + 11*o**2 + 28994*o - 290046. Calculate u(10).
-6
Let m(l) = -8*l**2 - 561*l + 1689. Determine m(-73).
10
Let x(j) = 1018*j - 18990. Determine x(19).
352
Let m(w) = 70*w**3 - 4*w**2 - 140*w + 141. Determine m(1).
67
Let h(u) = 25*u**3 - 166*u**2 - 13*u + 8. What is h(6)?
-646
Let u(x) = x**2 - 442*x - 10509. Calculate u(-22).
-301
Let j(v) = -549*v**2 - 4381*v + 27. What is j(-8)?
-61
Let d(i) = -62816*i - 502513. What is d(-8)?
15
Let p(z) = z**2 - 3989*z + 177461. Give p(45).
-19
Let u(c) = 28591*c + 57419. Determine u(-2).
237
Let n(u) = -2*u**2 - 274944*u + 2749650. What is n(10)?
10
Let r(j) = j**2 + 70*j + 538. What is r(-43)?
-623
Let o(q) = -739*q + 53774. Determine o(73).
-173
Let f(a) = 22560*a + 203068. Determine f(-9).
28
Let t(u) = -133*u**2 + 10*u + 23. Calculate t(1).
-100
Let a(i) = -i**3 - 6832*i**2 - 68226*i - 48. What is a(-10)?
12
Let a(q) = 27*q**3 - 7910*q**2 - 271*q - 6569. What is a(293)?
-123
Let x(v) = 3791*v + 7488. What is x(-2)?
-94
Let c(z) = -1691*z - 40655. What is c(-25)?
1620
Let a(o) = -o**3 - 72*o**2 - 75*o - 1057. What is a(-71)?
-773
Let w(g) = 212087*g - 3181331. Determine w(15).
-26
Let w(j) = j**3 - 296*j**2 - 443*j + 43638. Determine w(297).
276
Let a(d) = 29858*d + 42. Calculate a(0).
42
Let c(r) = -8623*r + 534618. What is c(62)?
-8
Let p(z) = -943*z + 4743. What is p(5)?
28
Let f(r) = -2*r**3 - 61*r**2 - 87*r - 99. Determine f(-30).
1611
Let b(t) = -132990*t - 1063936. Give b(-8).
-16
Let o(y) = -1944*y - 254632. Determine o(-131).
32
Let h(v) = 2*v**3 + 37*v**2 + 227*v - 43. Determine h(-7).
-505
Let g(z) = 3*z**3 - 326*z**2 - 119*z - 153. Give g(109).
-1243
Let q(v) = -v**2 - 134*v - 2512. What is q(-77)?
1877
Let t(x) = -179*x + 3218. Calculate t(16).
354
Let l(q) = 8*q - 233. Determine l(32).
23
Let x(c) = 32*c**3 - 12*c**2 - 3465*c + 3475. Determine x(1).
30
Let y(q) = -q**3 + 60*q**2 + 2580*q - 37. Give y(-29).
-8
Let v(s) = 231*s + 85170. Determine v(-369).
-69
Let q(z) = z**3 + 5*z**2 - 318*z - 7489. What is q(23)?
9
Let o(w) = w**3 - 20*w**2 - 552*w + 9794. Give o(27).
-7
Let q(p) = 10*p**2 - 6011*p + 66104. Give q(11).
1193
Let x(f) = -10185*f - 1466630. What is x(-144)?
10
Let k(l) = 6*l**2 - 91816*l + 183601. What is k(2)?
-7
Let i(d) = d**3 - 63*d**2 - 68*d - 157. What is i(64)?
-413
Let w(k) = -23*k**3 + 4504*k**2 + 778*k + 1156. Give w(196).
-20
Let x(g) = -140*g - 135. Calculate x(-1).
5
Let d(n) = -112999*n + 338998. Determine d(3).
1
Let g(k) = k**3 + 29*k**2 + 74*k + 1454. Determine g(-28).
166
Let l(f) = 1239*f + 135049. Give l(-109).
-2
Let k(x) = 357*x**2 - 1027*x - 4124. Give k(-4).
5696
Let z(l) = -l**2 - 1119*l - 35776. What is z(-33)?
62
Let a(g) = 5*g**3 - 590*g**2 - 2439*g + 4. Give a(-4).
0
Let l(v) = 13*v**3 - 167*v**2 + 536*v - 1. Give l(6).
11
Let a(d) = 128*d**3 + 6*d**2 - 38*d + 33. Give a(1).
129
Let u(d) = 780*d**2 + 2266*d - 222. What is u(-3)?
0
Let b(t) = 50*t**2 + 1302*t - 5529. Give b(4).
479
Let z(v) = 1514*v**2 - 22719*v + 158. Calculate z(15).
23
Let t(l) = l**3 + 212*l**2 - 673*l - 186518. What is t(-211)?
6
Let q(d) = 1238*d - 151087. Calculate q(122).
-51
Let o(s) = 2193*s - 203777. Determine o(93).
172
Let y(x) = -x**3 + 262*x**2 + 123454*x - 2434. Determine y(-244).
6
Let j(s) = 7*s**2 + 476*s + 3839. Give j(-9).
122
Let m(q) = -2925*q - 102393. Give m(-35).
-18
Let h(z) = -1284*z - 3302. Give h(2).
-5870
Let b(v) = 4*v**3 - 11*v**2 + 73*v - 148. Give b(6).
758
Let v(p) = 3261*p - 9777. Give v(3).
6
Let l(g) = -g**3 + 24*g**2 + 4*g + 11. What is l(-5)?
716
Let w(x) = -1728*x - 744765. Calculate w(-431).
3
Let z(j) = -3326*j - 622007. What is z(-187)?
-45
Let n(j) = -115*j**2 - 1658*j - 94. Determine n(-14).
578
Let o(p) = 840*p + 47606. Determine o(-57).
-274
Let v(b) = 11*b**2 + 1618*b + 9718. Determine v(-6).
406
Let v(k) = k**2 - 1077*k + 1081. Calculate v(1).
5
Let q(a) = 6*a**2 - 446*a - 1339. Determine q(-3).
53
Let i(n) = -444*n - 6742. Determine i(-19).
1694
Let y(q) = 7469*q + 949229. Give y(-127).
666
Let z(b) = -b**2 + 1626*b - 58796. Calculate z(37).
-3
Let l(u) = -u**3 + 23*u**2 + 30*u + 497. Determine l(22).
1641
Let s(x) = 2896*x - 1337977. What is s(462)?
-25
Let w(s) = 458*s**2 - 607771*s + 6634. Calculate w(1327).
-1
Let z(c) = 3112*c**2 + 52926*c + 52. What is z(-17)?
-322
Let y(j) = -j**2 - 657*j - 98010. What is y(-229)?
2
Let y(k) = -6*k**2 - 61*k + 105. Determine y(-13).
-116
Let a(p) = 390*p + 3541. Calculate a(-10).
-359
Let y(p) = 29*p**2 + 622*p - 329. What is y(-22)?
23
Let i(m) = -11034*m + 75873. What is i(7)?
-1365
Let t(c) = c**2 + 8480*c + 396377. Calculate t(-47).
26
Let r(k) = -7*k**2 + 134*k - 8. Calculate r(28).
-1744
Let i(p) = -p**3 + 23*p**2 - 321*p + 2721. Determine i(14).
-9
Let c(z) = -83*z - 15722. What is c(-208)?
1542
Let d(b) = 1104*b - 50735. Calculate d(46).
49
Let t(b) = 2486*b + 17522. Determine t(-7).
120
Let n(p) = p**3 + 80*p**2 - 264*p - 232. Determine n(-83).
1013
Let d(h) = -26*h**2 + 1286*h + 4874. Give d(53).
-2
Let x(u) = -1060*u + 2650. Give x(4).
-1590
Let i(x) = 493*x - 15372. What is i(34)?
1390
Let q(p) = 5281*p + 21301. Give q(-4).
177
Let o(r) = -61*r**2 - 1879*r - 3758. What is o(-2)?
-244
Let q(t) = -t**2 + 1525*t + 35354. Determine q(-23).
-250
Let t(u) = -2*u**3 - 165*u**2 + 2347*u + 55100. Determine t(-92).
-8
Let b(a) = -15*a**3 + 373*a**2 + 731*a - 17015. Determine b(25).
10
Let b(g) = -122*g**2 + 7683*g + 142. Give b(63).
-47
Let u(i) = 1894*i**2 - 3784*i - 8. Determine u(2).
0
Let f(i) = -i**2 - 266*i - 15189. Calculate f(-190).
-749
Let r(o) = -2*o**3 + 1335*o**2 - 624*o - 28780. Determine r(667).
-99
Let m(w) = -10*w**3 - 205*w**2 + 8*w - 16. Give m(-20).
-2176
Let x(q) = -90*q + 10994. Determine x(125).
-256
Let v(o) = 40*o**2 - 2283*o + 140. Determine v(57).
-31
Let y(r) = 129085*r + 258230. Calculate y(-2).
60
Let v(p) = -p**2 + 3629*p - 25432. Give v(7).
-78
Let q(g) = -453*g**2 + 4993*g - 4. Determine q(11).
106
Let z(f) = -2709*f + 30146. Determine z(11).
347
Let z(r) = 5*r**2 + 245*r + 2835. Give z(-31).
45
Let r(o) = -o**3 - 4*o**2 + 95*o - 110. Give r(-11).
-308
Let l(k) = 213051*k - 5752393. Give l(27).
-16
Let x(a) = -41*a**2 - 3081*a + 2638. Determine x(-76).
-22
Let u(r) = r**3 - 6*r**2 - 5069*r - 231. What is u(0)?
-231
Let o(r) = r**2 + 191*r + 70. What is o(10)?
2080
Let v(c) = 6*c**3 - 755*c**2 - 885*c + 95596. Give v(126).
-38
Let o(l) = -18*l**3 - 687*l**2 + 1317*l - 57. What is o(-40)?
63
Let d(k) = 6*k**2 - 2027*k - 27357. Determine d(-13).
8
Let s(v) = 748*v**2 + 3741*v + 48. Calculate s(-5).
43
Let c(n) = 604*n**2 + 4530*n - 8149. What is c(-9)?
5
Let w(n) = -n**3 + 10*n**2 + 131*n - 5. Give w(-13).
2179
Let c(a) = -a**3 + 42*a**2 - 586*a + 27053. Determine c(43).
6
Let a(u) = -22*u**2 - 3221*u - 541. Calculate a(-146).
773
Let s(n) = -2*n**3 - 10*n**2 + 17*n + 169. What is s(-5)?
84
Let v(b) = -b**3 - 42*b**2 - 295*b + 85. What is v(-31)?
-1341
Let u(v) = -447*v - 20522. Give u(-46).
40
Let s(l) = -24*l**3 - 3129*l**2 - 1179*l - 925. Give s(-130).
245
Let d(u) = -u**3 + 40*u**2 - 116*u + 239. Calculate d(37).
54
Let t(b) = 59*b + 6716. Calculate t(-65).
2881
Let i(j) = -6*j**2 + 342*j - 2485. Determine i(7).
-385
Let h(d) = 2*d**3 + 14*d**2 + 31*d + 195. What is h(-9)?
-408
Let r(q) = 856*q + 24705. Calculate r(-29).
-119
Let a(c) = 2*c**3 - 604*c**2 + 11314*c - 9494. Determine a(282).
94
Let q(a) = 15*a**3 + 5564*a**2 - 372*a - 358. Calculate q(-371).
13
Let s(u) = -u**3 - 2*u**2 + 5515*u + 27455. Give s(-5).
-45
Let f(r) = r**3 - 45*r**2 + 330*r - 315. What is f(36)?
-99
Let a(k) = k**3 - 120*k**2 + 1001*k - 973. Calculate a(111).
-751
Let s(v) = 7*v**3 - 41*v**2 - 18*v + 43. Give s(6).
-29
Let s(